mposite?
False
Let g(h) = 336*h**3 - h**2 + 6. Let w(o) = -337*o**3 - 5. Let p(f) = 3*g(f) + 4*w(f). Is p(-3) a prime number?
True
Suppose -63 - 4 = 4*a - 3*r, -4 = -4*r. Is 96088/20*(-40)/a*1 composite?
False
Let z be 6/((216/16)/9). Suppose -4*h = -m - 20168, 20168 = z*h - 5*m - 0*m. Is h prime?
False
Suppose 10*v - 28*v + 824315 = v. Is v prime?
False
Let k = -7 - -29. Suppose 4*h + 3*n - k = n, 4*n = 3*h. Suppose -2*s + 3*m + 527 = -3788, -2*m = h*s - 8606. Is s a composite number?
False
Let q(w) be the first derivative of 206*w**3/3 - 5*w**2 - 2*w - 194. Is q(-2) composite?
True
Suppose 0 = 3*j + 12, 4*j - 169 + 405 = 5*t. Let d be (-2)/8 + (-219241)/t. Is d/(-9) + -3 + 1/3 a prime number?
False
Let h(v) = 820*v**2 - 236*v + 107. Is h(26) composite?
False
Let o(m) be the first derivative of -m**4 - 10*m**3/3 - 8*m**2 - 13*m + 15. Is o(-6) prime?
True
Suppose 261769 + 423231 = 3*n + 193198. Is n a prime number?
False
Let g = 881 + -882. Is 3254 + 2 + (-10 - g) prime?
False
Let t = 69 - 31. Suppose -1588 = t*l - 40*l. Is l*1/(-4)*1*-2 composite?
False
Suppose -14*j = -17*j + 3264. Let w = j - -182. Suppose 0 = -g - 3*u + w, 3*g + u = -4*u + 3806. Is g a composite number?
True
Suppose -3*c + 47 - 35 = 0. Let g be c*(4 + -5 + 67/4). Suppose 67*w - 2332 = g*w. Is w a prime number?
False
Let y = -55 - -90. Suppose -y = 6*t - 143. Suppose -357 = -3*i - t. Is i a composite number?
False
Suppose 5*a - 5*v - 5040 = 0, 3*a + 191*v - 192*v - 3018 = 0. Let n = -5 + 9. Suppose 73 = -n*w + a. Is w a composite number?
False
Let x be ((-50)/6)/(5/255). Let f(l) = -184*l - 160. Let q be f(-5). Let m = x + q. Is m composite?
True
Suppose -15633291 = -89*b + 3820774. Is b prime?
False
Let d = -25951 + 70634. Is d a prime number?
True
Suppose 4*d - 51902 + 226306 = 0. Let q be d/6 + 10/(-60). Let y = -4948 - q. Is y prime?
False
Let d(r) = 267*r**2 + 24*r + 3964. Is d(-87) a prime number?
False
Let b be (8 - 20)*(-2)/(-6) - -3961. Let x = 3392 + b. Is x a prime number?
True
Let j = -13976 - -27265. Is j prime?
False
Suppose 3*g - 2*d + 4 = 0, -4*g + 5*d + 6 = 23. Suppose -3*n = -k + 19000, -10024 = -g*k + 4*n + 27986. Is k a composite number?
True
Suppose 0 = -2*d - 2*d - 40. Let o(a) = -a**3 + 9*a**2 - 15*a + 3. Is o(d) composite?
False
Let r be (5746 - 1) + 5 - -4. Let j = r + -10424. Let a = -2617 - j. Is a a composite number?
False
Is -2 + (-12)/((-180)/119805) composite?
True
Let l(n) = -1708*n + 51. Let k(c) = c**3 - 7. Let j be k(0). Is l(j) a composite number?
False
Suppose 2*j = j + 4*i + 21, -j = 4*i + 11. Let b be (-10)/15*1*-666. Suppose -j*v + v = -b. Is v a composite number?
True
Let w(n) = -n**3 + 11*n**2 + 8*n + 64. Let g be w(12). Let p(b) = b**3 - 5*b**2 - 26*b - 39. Is p(g) composite?
True
Suppose 4*t + 280562 = 2*m, -4*m - 121*t + 118*t + 561212 = 0. Is m a prime number?
True
Is ((-26 + 25)/(3/644169)*1)/(-1) composite?
False
Let l(m) = -9*m - 62*m + 184 - 268. Is l(-13) a prime number?
True
Let c(r) = 2*r + 33. Let p be c(-8). Let f(d) = 310*d + 3. Is f(p) prime?
True
Suppose -d + 228062 - 94713 = 0. Is d a prime number?
True
Suppose -17*k = 330747 - 1066310 - 1508726. Is k composite?
True
Let d = 390374 - 268305. Is d composite?
False
Let w be 0 + 15*((-8)/6 - -1). Is ((-34775)/w)/(-5)*-1 a prime number?
False
Let u be ((-27)/3 - -4)*(-24)/(-10). Let j be 1/2 - 1482/u. Let c = j - -67. Is c a prime number?
True
Let c(v) = -v - 4. Let n be c(-9). Let s(o) be the second derivative of 425*o**3/6 + 2*o**2 - 94*o + 2. Is s(n) a prime number?
True
Suppose -2193639 = -111*z + 2933520 + 17125122. Is z composite?
True
Suppose 0 = -4*j - 0*j + 44. Let o = -20 + j. Is 6 + o + 1 + 159 a composite number?
False
Let y be (-102)/(-18) + -5 - (-10)/3. Suppose r - 4943 = -y*m, 11*r - 9875 = 9*r + 3*m. Is r composite?
True
Is (-46333173)/(-1079) - (-6)/39 a prime number?
False
Suppose -101*v + 5*k = -102*v + 190453, 0 = 5*k + 30. Is v composite?
True
Suppose 20 = 9*f - 4*f. Let c(m) = m**3 - 4*m**2 + m + 4. Let g be c(f). Suppose 10*s = g*s + 886. Is s a composite number?
False
Let d be (5 + -43)*-1*(-1)/(-2). Suppose -6439 = d*m - 32298. Is m composite?
False
Suppose 4*n = -5*t + 2 - 8, 0 = 5*n - t - 7. Let k be 2 + -2*n/2. Let r(q) = 24*q - 3. Is r(k) a prime number?
False
Suppose 4*z + 4*w = -32, -32 = -0*z + 3*z + 5*w. Let t(m) = 86*m**2 - 4*m + 10. Is t(z) a prime number?
False
Let z(h) = -2. Let t(k) = 864*k - 285. Let s(v) = t(v) + z(v). Is s(10) prime?
True
Let i(g) = -260*g**2 + 26 + 9 + 31*g + 261*g**2. Is i(32) a composite number?
True
Let h(c) = -83481*c + 566. Is h(-1) prime?
True
Suppose 12575 = -3*o - 11818. Let t = 3220 - o. Is t composite?
False
Let h be (-10)/(-15)*1*15. Let c(n) = 14*n**3 - 8*n**2 + 15*n - 4. Is c(h) a prime number?
False
Suppose -131*y + 4239934 = -4948066 - 27551081. Is y a prime number?
True
Let q(f) = f**3 - 24*f**2 + 45*f + 75. Let v be q(22). Suppose -j = 60 - v. Is j prime?
True
Suppose -67*k = 25*k - 13*k - 9149701. Is k prime?
False
Let l be 4/((-48)/(-9)) + 13702/(-104). Suppose 4*q - 182 = 674. Let z = q + l. Is z a composite number?
False
Let l be ((-52)/39)/(5/(-19815)). Suppose -5*i = -4*i + 2*d - 1323, 4*i + 4*d = l. Is i a composite number?
False
Let w(i) = -i**2 + 5*i - 6. Let q be w(3). Suppose q = -3*d + 6*d - 6*d. Suppose 6*t - 2*t - 1172 = d. Is t a prime number?
True
Is 2574377/39*-1*-3 composite?
True
Is 8/((-192)/(-24))*986693 a prime number?
True
Let x = 10 + -8. Suppose -12*v = -9*v - 15. Suppose -2*i = 3*k - 737, 0 = -v*i - x*k + 1206 + 609. Is i composite?
True
Let t = 129 + -130. Is (-2317)/t*(-3 + 4) a composite number?
True
Let r = -8656 + 23270. Is r a composite number?
True
Let c(y) = 613*y - 444. Let a be c(18). Suppose -3*u = 4*o + 14, -5*u = -5*o - 11 - 24. Suppose -7*j - u*k + a = -3*j, 0 = j - 4*k - 2643. Is j prime?
True
Let y(p) = 9*p**3 + 7*p**2 - 4*p - 9. Let o be y(-5). Let u = 1292 - o. Is u composite?
True
Suppose -91*h + 54*h = -5065781. Is h a prime number?
False
Let g be (-2)/(-2)*474/3. Suppose -12*p - 62 = -g. Suppose p*h = 5*h + 1311. Is h composite?
True
Is 1496229/35*(10/(-6))/(-1) composite?
False
Suppose -m = 2*q - 1045615, 33*m - 31*m = -3*q + 2091233. Is m prime?
True
Suppose 28*i + 4*p + 27719 = 31*i, -5*i + p = -46187. Suppose -4*d = -u + 6445, 5*d = 2*u - i - 3644. Is u a composite number?
True
Let y = -64 + 89. Let s = 49 - y. Suppose o = 71 - s. Is o a prime number?
True
Let j = -224 - -228. Suppose -j*h - 3*v + 1781 = 0, 7*h - v = 2*h + 2212. Is h composite?
False
Let w be 2/7 - (1 + 78/(-21)). Suppose -r = -3*g + 1654, g - 883 + 335 = -w*r. Suppose 0 = -3*t + g + 2212. Is t a prime number?
False
Suppose 2*o - 182604 = 3*m - m, 0 = -5*o + 4*m + 456509. Suppose -14*n + 7*n = -o. Is n composite?
False
Suppose 0 = 3*s - 2*y - 1883, -9*s - 4*y + 3175 = -4*s. Is s a composite number?
False
Suppose 5*t - 683 + 643 = 0. Is 2*(-13883)/(-14) - t/28 a prime number?
False
Suppose 5*t - 232984 = -0*l - 3*l, -5*l + 388320 = -5*t. Is l a prime number?
False
Suppose 0 = -84*b + 133*b + 2842. Suppose 0*p - 3*p + 405 = 0. Let f = b + p. Is f a prime number?
False
Let d be ((-4)/5)/((-3)/(-795)). Let c = d - 102. Let k = -52 - c. Is k a prime number?
False
Let c = 14672 + -6633. Is c prime?
True
Suppose z - 5*o - 377 = 0, -718 = -2*z - 3*o + o. Suppose -523 = -3*f + d, -4*f + z = -2*f + 2*d. Let m = f + 365. Is m a prime number?
True
Suppose -8*m = -5*m - 12. Suppose m*x + 690 = -1438. Let d = 783 + x. Is d prime?
True
Let l = 268996 + -105795. Is l composite?
True
Suppose 36 = -0*r - 4*r + 5*c, -2*r - 2*c = 0. Let q(v) = -3*v**2 - 17*v + 165. Let p be q(5). Is p + (-2956)/r + -5 prime?
True
Let m(p) = 23*p**3 + p - 1. Let k be m(1). Suppose -3*l - k = -c + 278, 3*l + 2*c = -307. Let x = l - -280. Is x composite?
False
Suppose 93*p + 17*p - 88035891 = -2961121. Is p a composite number?
False
Is 15/35 - ((-2860191)/21 + 5/(-5)) a prime number?
False
Suppose 5*a = 5*x - 761850, -9*a + 14*a - 761780 = -5*x. Is x prime?
True
Let a(v) = 3*v**2 - 19*v + 11. Let f be a(6). Suppose 0*b - 12210 = -f*b + 5*d, d = -5*b + 12180. Is b composite?
False
Is (86667/(-12) + -3)*(-120 + 116) prime?
True
Suppose 0 = -146*r + 162*r - 170224. Is r composite?
False
Let k(w) = 2*w**2 - 147*w + 